{"id":120,"date":"2024-09-20T16:32:18","date_gmt":"2024-09-20T14:32:18","guid":{"rendered":"https:\/\/www.worksmartnothard.pl\/?page_id=120"},"modified":"2024-12-11T14:25:49","modified_gmt":"2024-12-11T13:25:49","slug":"testimonials","status":"publish","type":"page","link":"https:\/\/www.worksmartnothard.pl\/index.php\/testimonials\/","title":{"rendered":"Testimonials"},"content":{"rendered":"<div id=\"ub-testimonial-508eea6b-865d-474d-8528-71289d94f10c\">\n    <div class=\"wp-block-ub-testimonial ub_testimonial\" id=\"ub_testimonial_508eea6b-865d-474d-8528-71289d94f10c\">\n        <div class=\"ub_testimonial_img\">\n            <img loading=\"lazy\" decoding=\"async\" src=\"https:\/\/www.worksmartnothard.pl\/wp-content\/uploads\/2024\/12\/1704976633393.jpeg\" alt=\"\" height=\"100\" width=\"100\" \/>\n        <\/div>\n        <div class=\"ub_testimonial_content\">\n            <p class=\"ub_testimonial_text\">Six months of English lessons with Aida, and it&#8217;s been a game changer. Her knack for connecting with a student sets her apart. She teaches with a smart approach, employs a variety of teaching methods, including interactive discussions and storytelling, to enhance student&#8217;s conversational skills and encourage spontaneous use of English. Her fantastic sense of humor adds an extra layer of comfort, making the entire process truly enjoyable. She has transformed my conversational English skills. Glad to be one of her lucky students!<\/p>\n        <\/div>\n        <div class=\"ub_testimonial_sign\">\n            <p class=\"ub_testimonial_author\"><a href=\"https:\/\/www.linkedin.com\/in\/aneta-girdwoy%C5%84-kmoch-a054bb2a9\/\" data-type=\"link\" data-id=\"https:\/\/www.linkedin.com\/in\/aneta-girdwoy%C5%84-kmoch-a054bb2a9\/\"><strong>Aneta Girdwoy\u0144 (Kmoch)<\/strong><\/a><\/p>\n            <p class=\"ub_testimonial_author_role\">Advocate I Senior Lawyer<br>FinTech Poland<\/p>\n        <\/div>\n    <\/div>\n<\/div>\n\n<div id=\"ub-testimonial-f260b142-f530-48cc-a3f7-85f6caaf5ad1\">\n    <div class=\"wp-block-ub-testimonial ub_testimonial\" id=\"ub_testimonial_f260b142-f530-48cc-a3f7-85f6caaf5ad1\">\n        <div class=\"ub_testimonial_img\">\n            <img loading=\"lazy\" decoding=\"async\" src=\"https:\/\/www.worksmartnothard.pl\/wp-content\/uploads\/2024\/12\/1728453206880.jpeg\" alt=\"\" height=\"100\" width=\"100\" \/>\n        <\/div>\n        <div class=\"ub_testimonial_content\">\n            <p class=\"ub_testimonial_text\">Aida was my English Teacher in 2020 and 2022. I absolutely recommend her as a teacher, trainer, mentor, coach and many more \ud83d\ude42 During our course, she was not only teacher but also my mentor, coach and great support in my daily business challenges. Aida knows great techniques that allow you to improve your level of English and offers interesting materials. She always adapted the material to my business needs. Her lessons were never boring \ud83d\ude42 The atmosphere during the classes was amazing! She&#8217;s the best teacher I&#8217;ve ever had.<\/p>\n        <\/div>\n        <div class=\"ub_testimonial_sign\">\n            <p class=\"ub_testimonial_author\"><a href=\"https:\/\/www.linkedin.com\/in\/wioleta-baraniecka-11603457\/\"><strong>Wioleta Baraniecka<\/strong><\/a><\/p>\n            <p class=\"ub_testimonial_author_role\">HR Business Partner<br>TechnipFMC<\/p>\n        <\/div>\n    <\/div>\n<\/div>\n\n<div id=\"ub-testimonial-23a6048d-d185-4728-b3d1-4ba78c5ae601\">\n    <div class=\"wp-block-ub-testimonial ub_testimonial\" id=\"ub_testimonial_23a6048d-d185-4728-b3d1-4ba78c5ae601\">\n        <div class=\"ub_testimonial_img\">\n            <img loading=\"lazy\" decoding=\"async\" src=\"https:\/\/www.worksmartnothard.pl\/wp-content\/uploads\/2024\/12\/1704885065005.jpeg\" alt=\"\" height=\"100\" width=\"100\" \/>\n        <\/div>\n        <div class=\"ub_testimonial_content\">\n            <p class=\"ub_testimonial_text\">Aida has been my English teacher since February 2020. I passed my English exam, but I enjoy lessons with her so much that I continue our meetings. She is a great teacher. Of course, in Poland you can find many excellent native speakers, but she is more than that. Conversation with her never gets boring. She adapts to your interests, even scientific ;). She has great knowledge on various topics. Sometimes I think that she knows more about my country than I do \ud83d\ude42 She motivates me and shows me a different perspective on certain problems. Aida, thank you for being patient with me!<\/p>\n        <\/div>\n        <div class=\"ub_testimonial_sign\">\n            <p class=\"ub_testimonial_author\"><a href=\"https:\/\/www.linkedin.com\/in\/magdalena-chmielewska-jeznach-966a0925\/\"><strong>Magdalena Chmielewska-Jeznach, PhD<\/strong><\/a><\/p>\n            <p class=\"ub_testimonial_author_role\"><a>Adiunkt Naukowo-dydaktyczny<br>Warszawski Uniwersytet Medyczny<\/a><\/p>\n        <\/div>\n    <\/div>\n<\/div>\n\n<div id=\"ub-testimonial-2abfe0f6-c984-469e-bbad-533fc33ff0c0\">\n    <div class=\"wp-block-ub-testimonial ub_testimonial\" id=\"ub_testimonial_2abfe0f6-c984-469e-bbad-533fc33ff0c0\">\n        <div class=\"ub_testimonial_img\">\n            <img loading=\"lazy\" decoding=\"async\" src=\"https:\/\/www.worksmartnothard.pl\/wp-content\/uploads\/2024\/12\/1520439368284.jpeg\" alt=\"\" height=\"100\" width=\"100\" \/>\n        <\/div>\n        <div class=\"ub_testimonial_content\">\n            <p class=\"ub_testimonial_text\">I have met many English teachers, but Aida is unique. She knows exactly what you need and adapts the program very well to your level and expectations.<br>Good balance between grammar and communication skills in our meetings.<br>She is a professional &#8211; without a doubt!!! I love our meetings, even though they are on-line.<\/p>\n        <\/div>\n        <div class=\"ub_testimonial_sign\">\n            <p class=\"ub_testimonial_author\"><a href=\"https:\/\/www.linkedin.com\/in\/tomaszczerski\/\"><strong>Tomasz Czerski<\/strong><\/a><\/p>\n            <p class=\"ub_testimonial_author_role\">\u200bSenior Transformation Manager<br>E.ON SE<\/p>\n        <\/div>\n    <\/div>\n<\/div>\n\n<div id=\"ub-testimonial-8c3af802-aa18-4635-9d8a-efcb0b529217\">\n    <div class=\"wp-block-ub-testimonial ub_testimonial\" id=\"ub_testimonial_8c3af802-aa18-4635-9d8a-efcb0b529217\">\n        <div class=\"ub_testimonial_img\">\n            <img loading=\"lazy\" decoding=\"async\" src=\"https:\/\/www.worksmartnothard.pl\/wp-content\/uploads\/2024\/12\/1685962314837.jpeg\" alt=\"\" height=\"100\" width=\"100\" \/>\n        <\/div>\n        <div class=\"ub_testimonial_content\">\n            <p class=\"ub_testimonial_text\">If you&#8217;re on the hunt for an English teacher who makes learning a breeze, Aida&#8217;s your go-to. Her story-telling magic doesn&#8217;t just teach, it weaves fluency into your speaking skills effortlessly. Couldn&#8217;t recommend her more for an awesome language adventure!\u00a0<\/p>\n        <\/div>\n        <div class=\"ub_testimonial_sign\">\n            <p class=\"ub_testimonial_author\"><a href=\"https:\/\/www.linkedin.com\/in\/andrzej-girdwoy%C5%84-phd-010315278\/\"><strong>Andrzej Girdwoy\u0144, PhD<\/strong><\/a><\/p>\n            <p class=\"ub_testimonial_author_role\">Advocate | Dispute Avoidance &amp; Resolution | Associate<br>CMS<\/p>\n        <\/div>\n    <\/div>\n<\/div>\n\n<div id=\"ub-testimonial-7eaba6fa-6f45-4640-813f-b8cedaf8c929\">\n    <div class=\"wp-block-ub-testimonial ub_testimonial\" id=\"ub_testimonial_7eaba6fa-6f45-4640-813f-b8cedaf8c929\">\n        <div class=\"ub_testimonial_img\">\n            <img loading=\"lazy\" decoding=\"async\" src=\"https:\/\/www.worksmartnothard.pl\/wp-content\/uploads\/2024\/12\/1694805526917.jpeg\" alt=\"\" height=\"100\" width=\"100\" \/>\n        <\/div>\n        <div class=\"ub_testimonial_content\">\n            <p class=\"ub_testimonial_text\">Aida is an excellent native speaker and a very interesting person. Talking to her is a challenge, you never get bored. She addresses topics that are important to all of us and she adapts to your language needs.<br>I really like the lessons with Aida. I recommend with full conviction.<\/p>\n        <\/div>\n        <div class=\"ub_testimonial_sign\">\n            <p class=\"ub_testimonial_author\"><a href=\"https:\/\/www.linkedin.com\/in\/barbara-cyranowska-g%C3%B3ra-4b7082156\/\"><strong>Barbara Cyranowska-G\u00f3ra<\/strong><\/a><\/p>\n            <p class=\"ub_testimonial_author_role\">ICC Certified Coach\/Trainer<br>Boehringer Ingelheim<\/p>\n        <\/div>\n    <\/div>\n<\/div>\n\n<div id=\"ub-testimonial-46959802-9cb5-4154-88f2-f54e586aef5a\">\n    <div class=\"wp-block-ub-testimonial ub_testimonial\" id=\"ub_testimonial_46959802-9cb5-4154-88f2-f54e586aef5a\">\n        <div class=\"ub_testimonial_img\">\n            <img loading=\"lazy\" decoding=\"async\" src=\"https:\/\/www.worksmartnothard.pl\/wp-content\/uploads\/2024\/12\/1702679870437.jpeg\" alt=\"\" height=\"100\" width=\"100\" \/>\n        <\/div>\n        <div class=\"ub_testimonial_content\">\n            <p class=\"ub_testimonial_text\">Aida is the best native speaker I&#8217;ve ever worked with. She is an open-minded and interesting individual with exceptional teaching abilities!<br>I can honestly recommend her services to both personal and corporate clients.<\/p>\n        <\/div>\n        <div class=\"ub_testimonial_sign\">\n            <p class=\"ub_testimonial_author\"><a href=\"https:\/\/www.linkedin.com\/in\/michal-panczyk\/\"><strong>Micha\u0142 Pa\u0144czyk<\/strong><\/a><\/p>\n            <p class=\"ub_testimonial_author_role\">Senior Associate<br>PwC<\/p>\n        <\/div>\n    <\/div>\n<\/div>\n\n<div id=\"ub-testimonial-49333eb0-ef18-403c-93ae-74a01017f47a\">\n    <div class=\"wp-block-ub-testimonial ub_testimonial\" id=\"ub_testimonial_49333eb0-ef18-403c-93ae-74a01017f47a\">\n        <div class=\"ub_testimonial_img\">\n            <img loading=\"lazy\" decoding=\"async\" src=\"https:\/\/www.worksmartnothard.pl\/wp-content\/uploads\/2024\/12\/1715893653864.jpeg\" alt=\"\" height=\"100\" width=\"100\" \/>\n        <\/div>\n        <div class=\"ub_testimonial_content\">\n            <p class=\"ub_testimonial_text\">Aida has been my English tutor since March 2022. During this time, she has proven to be demanding, yet flexible. She managed to adjust not just to my hectic schedule, but also to my requirements as a student. Aida really knows the meaning of tailoring a class to the student\u2014and not the other way around. She is motivated and knows how to motivate to go the extra mile. I have definitely found a tutor whose mindset is well attuned to mine. Thank you, Aida, for being such an awesome person\u2014because this is what makes classes with you so unique!<\/p>\n        <\/div>\n        <div class=\"ub_testimonial_sign\">\n            <p class=\"ub_testimonial_author\"><a href=\"https:\/\/www.linkedin.com\/in\/anna-zawadzkaa\/\"><strong>Anna Zawadzka<\/strong><\/a><\/p>\n            <p class=\"ub_testimonial_author_role\">CEO and Founder<br>Better Academy\u00a0<\/p>\n        <\/div>\n    <\/div>\n<\/div>\n\n<div id=\"ub-testimonial-99ae93bf-c8c8-4f3f-a5eb-388993092f12\">\n    <div class=\"wp-block-ub-testimonial ub_testimonial\" id=\"ub_testimonial_99ae93bf-c8c8-4f3f-a5eb-388993092f12\">\n        <div class=\"ub_testimonial_img\">\n            <img loading=\"lazy\" decoding=\"async\" src=\"https:\/\/www.worksmartnothard.pl\/wp-content\/uploads\/2024\/12\/1637414777798.jpeg\" alt=\"\" height=\"100\" width=\"100\" \/>\n        <\/div>\n        <div class=\"ub_testimonial_content\">\n            <p class=\"ub_testimonial_text\">Aida is a great English teacher! Focused on the needs of students, looking for interesting topics and ways to teach quickly and effectively!<\/p>\n        <\/div>\n        <div class=\"ub_testimonial_sign\">\n            <p class=\"ub_testimonial_author\"><strong><a href=\"https:\/\/www.linkedin.com\/in\/maciejkaminski\/\"><strong>Maciej Kaminski<\/strong><\/a><\/strong><\/p>\n            <p class=\"ub_testimonial_author_role\">Director of Memory Business (Poland &amp; CEE)<br>Samsung Electronics Polska\u00a0<\/p>\n        <\/div>\n    <\/div>\n<\/div>\n\n<div id=\"ub-testimonial-df467ec0-b818-414d-8acf-b42cb8e787f9\">\n    <div class=\"wp-block-ub-testimonial ub_testimonial\" id=\"ub_testimonial_df467ec0-b818-414d-8acf-b42cb8e787f9\">\n        <div class=\"ub_testimonial_img\">\n            <img loading=\"lazy\" decoding=\"async\" src=\"https:\/\/www.worksmartnothard.pl\/wp-content\/uploads\/2024\/12\/1554280304389.jpeg\" alt=\"\" height=\"100\" width=\"100\" \/>\n        <\/div>\n        <div class=\"ub_testimonial_content\">\n            <p class=\"ub_testimonial_text\">Aida is a truly great and kind person with amazing teaching skills. Since we started working together, she has helped me to understand rules and grammar better. She has boosted my confidence and helped me with my daily english routine at work. She always adapts the materials to my business needs. If you want to improve, you should immediately reach her out!<\/p>\n        <\/div>\n        <div class=\"ub_testimonial_sign\">\n            <p class=\"ub_testimonial_author\"><strong><a href=\"https:\/\/www.linkedin.com\/in\/kamil-matysiak-4759a8b7\/\">Kamil Matysiak<\/a><\/strong><\/p>\n            <p class=\"ub_testimonial_author_role\">Risk Management Reporting<br>&amp; Data Analytics<br>\u00a0Citi<\/p>\n        <\/div>\n    <\/div>\n<\/div>\n\n<div id=\"ub-testimonial-b6ece0de-35cb-4977-99ff-9ccdb820462f\">\n    <div class=\"wp-block-ub-testimonial ub_testimonial\" id=\"ub_testimonial_b6ece0de-35cb-4977-99ff-9ccdb820462f\">\n        <div class=\"ub_testimonial_img\">\n            <img loading=\"lazy\" decoding=\"async\" src=\"https:\/\/www.worksmartnothard.pl\/wp-content\/uploads\/2024\/12\/1517458765767.jpeg\" alt=\"\" height=\"100\" width=\"100\" \/>\n        <\/div>\n        <div class=\"ub_testimonial_content\">\n            <p class=\"ub_testimonial_text\">Aida is not only a professional teacher but also a very smart interlocutor with whom you can discuss a broad range of topics improving your English vocabulary at the same time. Lessons are held in a friendly atmosphere. I sincerely recommend Aida as an English teacher!<\/p>\n        <\/div>\n        <div class=\"ub_testimonial_sign\">\n            <p class=\"ub_testimonial_author\"><strong><a href=\"https:\/\/www.linkedin.com\/in\/anna-porwit-b62234a7\/\"><strong>Anna Porwit<\/strong><\/a><\/strong><\/p>\n            <p class=\"ub_testimonial_author_role\">PhD Candidate, Cardiovascular Research Institute of Basel<br>\u00a0University Hospital of Basel<\/p>\n        <\/div>\n    <\/div>\n<\/div>\n\n<div id=\"ub-testimonial-7b0a2165-c2d5-49d1-a7a1-608a6e12b49a\">\n    <div class=\"wp-block-ub-testimonial ub_testimonial\" id=\"ub_testimonial_7b0a2165-c2d5-49d1-a7a1-608a6e12b49a\">\n        <div class=\"ub_testimonial_img\">\n            <img loading=\"lazy\" decoding=\"async\" src=\"https:\/\/www.worksmartnothard.pl\/wp-content\/uploads\/2024\/12\/1527250703850.jpeg\" alt=\"\" height=\"100\" width=\"100\" \/>\n        <\/div>\n        <div class=\"ub_testimonial_content\">\n            <p class=\"ub_testimonial_text\">Je\u017celi chcesz w spos\u00f3b mi\u0142y , przyjemny pozna\u0107 obszary j\u0119zyka angielskiego od konwersacji do gramatyki serdecznie polecam zadzwoni\u0107 do Aidy . Rozmowy w j\u0119zyku angielskim mog\u0105 by\u0107 na prawd\u0119 ciekawe i wci\u0105gaj\u0105ce w nauk\u0119. Polecam.\u00a0<\/p>\n        <\/div>\n        <div class=\"ub_testimonial_sign\">\n            <p class=\"ub_testimonial_author\"><a href=\"https:\/\/www.linkedin.com\/in\/andrzej-szkutnik-289a11b9\/\"><strong>Andrzej Szkutnik<\/strong><\/a><\/p>\n            <p class=\"ub_testimonial_author_role\">National Sales Manager<br>\u00a0Boehringer Ingelheim<\/p>\n        <\/div>\n    <\/div>\n<\/div>\n\n<div id=\"ub-testimonial-5d328421-2ce1-420d-843a-76b9cd8ce47f\">\n    <div class=\"wp-block-ub-testimonial ub_testimonial\" id=\"ub_testimonial_5d328421-2ce1-420d-843a-76b9cd8ce47f\">\n        <div class=\"ub_testimonial_img\">\n            <img loading=\"lazy\" decoding=\"async\" src=\"https:\/\/www.worksmartnothard.pl\/wp-content\/uploads\/2024\/12\/BLANKA_NOYSZEWSKA-e1733923480375.jpg\" alt=\"\" height=\"100\" width=\"100\" \/>\n        <\/div>\n        <div class=\"ub_testimonial_content\">\n            <p class=\"ub_testimonial_text\">Aida , moja najlepsza nauczycielka!\u00a0 lekcje z Ni\u0105 to wielka przyjemno\u015b\u0107, super uczy i jest przemi\u0142\u0105 osob\u0105. Podj\u0119\u0142a si\u0119 nauczy\u0107 mine angielskiego, cho\u0107 inni dawno dali za wygran\u0105 , ze wzgl\u0119du na moj\u0105 dysleksj\u0119. Pierwszy raz w \u017cyciu widz\u0119 efekty. Bardzo profesjonalne podej\u015bcie i du\u017ce do\u015bwiadczenie. Polecam ka\u017cdemu!\u00a0<\/p>\n        <\/div>\n        <div class=\"ub_testimonial_sign\">\n            <p class=\"ub_testimonial_author\"><strong><a>Blanka Noyszewska<\/a><\/strong><\/p>\n            <p class=\"ub_testimonial_author_role\"><a>Architect\u00a0<br>Metropolis II Biuro Architektoniczne<\/a><\/p>\n        <\/div>\n    <\/div>\n<\/div>\n\n<div id=\"ub-testimonial-157a12a5-a377-40e2-a192-75af1b937b9e\">\n    <div class=\"wp-block-ub-testimonial ub_testimonial\" id=\"ub_testimonial_157a12a5-a377-40e2-a192-75af1b937b9e\">\n        <div class=\"ub_testimonial_img\">\n            <img loading=\"lazy\" decoding=\"async\" src=\"https:\/\/www.worksmartnothard.pl\/wp-content\/uploads\/2024\/12\/1516254859484.jpeg\" alt=\"\" height=\"100\" width=\"100\" \/>\n        <\/div>\n        <div class=\"ub_testimonial_content\">\n            <p class=\"ub_testimonial_text\">Mam du\u017c\u0105 przyjemno\u015b\u0107 zarekomendowa\u0107 Aid\u0119 w szczeg\u00f3lno\u015bci tym, kt\u00f3rzy chc\u0105 autentycznie osi\u0105gn\u0105\u0107 \u201elevel up\u201d w znajomo\u015bci angielskiego, odkry\u0107 i skorygowa\u0107 swe s\u0142abo\u015bci, poprawi\u0107 akcent i narracje. Jej entuzjazm i zaanga\u017cowanie sprawiaj\u0105, i\u017c nauka staje si\u0119 przyjemno\u015bci\u0105 i stajesz si\u0119 \u201ehungry for more\u201d<\/p>\n        <\/div>\n        <div class=\"ub_testimonial_sign\">\n            <p class=\"ub_testimonial_author\"><strong><a href=\"https:\/\/www.linkedin.com\/in\/monika-kochanowska-b073461\/\">Monika Kochanowska\u00a0<\/a><\/strong><\/p>\n            <p class=\"ub_testimonial_author_role\"><a>Media Operations Lead CE<br>PepsiCo<\/a><\/p>\n        <\/div>\n    <\/div>\n<\/div>\n\n<div id=\"ub-testimonial-b2bc0bff-fe0c-45a9-a9ff-c667345dda83\">\n    <div class=\"wp-block-ub-testimonial ub_testimonial\" id=\"ub_testimonial_b2bc0bff-fe0c-45a9-a9ff-c667345dda83\">\n        <div class=\"ub_testimonial_img\">\n            <img loading=\"lazy\" decoding=\"async\" src=\"https:\/\/www.worksmartnothard.pl\/wp-content\/uploads\/2024\/12\/d5b18f6998dbccc97525454361e6ff59.jpeg\" alt=\"\" height=\"100\" width=\"100\" \/>\n        <\/div>\n        <div class=\"ub_testimonial_content\">\n            <p class=\"ub_testimonial_text\">So far I have had English lessons with Aida for 3 years and I can see tremendous progression in my English skills. Especially, speaking always was my weak point, but now this is already a past. Thanks to Aida&#8217;s ingenious, deliberate and thought-provoking tasks, now speaking is one of my best competencies in English. Because of Aida&#8217;s subtle questions and writing exercises I can develop not only my language abilities, but even explore my own preferences, talents and personality traits. It&#8217;s a multidimensional self-development by English learning. If you still hesitate, I strongly recommend you lessons with Aida. You won&#8217;t regret it! Check it out!<\/p>\n        <\/div>\n        <div class=\"ub_testimonial_sign\">\n            <p class=\"ub_testimonial_author\"><strong><a>Marta Cudzik\u00a0<\/a><\/strong><\/p>\n            <p class=\"ub_testimonial_author_role\">Psychiatrist<br>Instytut Psychiatrii i Neurologii<\/p>\n        <\/div>\n    <\/div>\n<\/div>","protected":false},"excerpt":{"rendered":"","protected":false},"author":1,"featured_media":0,"parent":0,"menu_order":0,"comment_status":"closed","ping_status":"closed","template":"","meta":{"ub_ctt_via":"","footnotes":""},"class_list":["post-120","page","type-page","status-publish","hentry"],"featured_image_src":null,"_links":{"self":[{"href":"https:\/\/www.worksmartnothard.pl\/index.php\/wp-json\/wp\/v2\/pages\/120"}],"collection":[{"href":"https:\/\/www.worksmartnothard.pl\/index.php\/wp-json\/wp\/v2\/pages"}],"about":[{"href":"https:\/\/www.worksmartnothard.pl\/index.php\/wp-json\/wp\/v2\/types\/page"}],"author":[{"embeddable":true,"href":"https:\/\/www.worksmartnothard.pl\/index.php\/wp-json\/wp\/v2\/users\/1"}],"replies":[{"embeddable":true,"href":"https:\/\/www.worksmartnothard.pl\/index.php\/wp-json\/wp\/v2\/comments?post=120"}],"version-history":[{"count":11,"href":"https:\/\/www.worksmartnothard.pl\/index.php\/wp-json\/wp\/v2\/pages\/120\/revisions"}],"predecessor-version":[{"id":179,"href":"https:\/\/www.worksmartnothard.pl\/index.php\/wp-json\/wp\/v2\/pages\/120\/revisions\/179"}],"wp:attachment":[{"href":"https:\/\/www.worksmartnothard.pl\/index.php\/wp-json\/wp\/v2\/media?parent=120"}],"curies":[{"name":"wp","href":"https:\/\/api.w.org\/{rel}","templated":true}]}}